0)/(-20)). Is -6*(-9)/((-324)/y) prime?
True
Let a = 4 - 13. Suppose 3*q = -r - 1357, q + 2*r = -171 - 273. Is (a/(-8))/((-9)/12)*q prime?
False
Suppose -21*j - 18*j + 318429 = -30*j. Is j a composite number?
False
Let z(c) = c**2 + 6*c - 12. Let d be z(0). Let g(a) = -7*a**3 - 8*a**2 - 4*a - 55. Is g(d) composite?
False
Let x(d) = -51*d**3 + d**2 - d. Let u(c) = -26*c**3 + c**2. Let f(a) = -2*a**2 - a - 4. Let h be f(0). Let l(o) = h*x(o) + 9*u(o). Is l(-3) a prime number?
False
Let o be (318160/28 - 2/(-14)) + 1. Let t = -4765 + o. Is t a prime number?
True
Is (13 + 5315534/84 - (-1)/(-6)) + 0 prime?
False
Suppose -13*v - 61 + 48 = 0. Let n(r) = -103*r**3 - 1. Let b(t) = t**3 - t**2. Let u(x) = -2*b(x) + n(x). Is u(v) a prime number?
False
Is (-2)/10 - (1385030520/(-225) - 46) prime?
False
Let t(j) = 500*j + 24. Suppose -20*o + 30 = -14*o. Let n be t(o). Suppose -4*y + i - 728 = -n, -i = 0. Is y a composite number?
False
Suppose -758230 = -36*k - 186658. Is k a composite number?
False
Let m = -206 - -204. Is (-1 - (m - -27))/((-60)/15630) a composite number?
True
Let r(v) = 44*v**2 + 17*v - 225. Is r(-22) prime?
False
Let b = 163084 + 52755. Is b prime?
False
Let q(t) = -318*t. Let j be q(-2). Suppose 2*i - j = -i. Let m = 389 - i. Is m a composite number?
True
Let o(n) = -4*n + 48. Let a(v) = v**3 - 6*v**2 - 4*v - 13. Let m be a(7). Let s be o(m). Is (-20 + s)/((-4)/86) composite?
True
Let h(w) = w**3 + 103*w**2 + 413*w + 181. Is h(-95) composite?
True
Is (-90315360)/(-660) - (-5)/(-11) composite?
False
Suppose 0 = 4*t - 7*t. Suppose 16*r - 13*r - 15117 = t. Is r prime?
True
Suppose 13338 = 17*o - 6229. Suppose 40*q - 39*q - o = 0. Is q a prime number?
True
Suppose -6*p + 3*p + 6 = -3*i, -5*p - 4*i + 10 = 0. Suppose p*j - 32778 = -5*k, -4*j - 2*k + 65536 = 3*k. Is j composite?
True
Let x be (0/(-11 - -7))/(-2). Suppose 6*a - a = l - 49, x = 5*a - 10. Is l a prime number?
True
Suppose -19*t + 3414510 = -1053511. Is t composite?
False
Let x = -387 - -646. Is (-4 + x/(-28))*-844 a prime number?
False
Suppose -15*h - 83735 = -211625. Let c = 12635 - h. Is c a composite number?
True
Let c(q) = 1144*q**2 + 79*q - 1269. Is c(14) prime?
False
Is (-4)/26 + (1058215/2)/((-312)/(-48)) a prime number?
True
Suppose 3*l = -2*n + 28 - 1, l - 4*n + 5 = 0. Let f(u) = 13*u**2 - 13*u + 25. Is f(l) prime?
True
Suppose -26070 = -8*w + 128642. Is w a composite number?
True
Let w(v) = -22*v + 2. Let b be w(0). Suppose b*s - 3 = 3*s, 0 = 4*m + 3*s - 13811. Is m a prime number?
False
Is (-3 - 2)/((-81)/3041307) prime?
False
Let t be (1 - 1)*4/8. Suppose 3*x - 4*v = v - 2979, 5*v = t. Let o = 2252 + x. Is o a composite number?
False
Let t(w) = 1987*w - 2357. Is t(6) a prime number?
False
Let c(q) = 79080*q - 139. Is c(1) composite?
False
Is 35/(2100/90)*-631*668/(-6) composite?
True
Let m(u) = 4322*u**2 - 147*u - 2292. Is m(-17) prime?
False
Suppose -20 = -4*s, 26*s + 7543 = u + 28*s. Suppose -10*w + u = -16757. Is w a composite number?
True
Let k be 4/(-8)*(-3 + 3 - 4). Let w be 10/(-75) + (k - (-206)/(-30)). Is 4 + -3 - (w - 535) composite?
False
Let m be (16 + 2879)*28 - (-4)/(-1). Is m/24 - (-4)/(-36)*3 a composite number?
True
Let k be 20/80 + (-3)/12. Suppose k = -11*g + 13*g, s = -5*g + 382. Is s a prime number?
False
Let q be -1 - 14959/(-2) - 3/2. Suppose -4*s = -5*a + q, a + 3*a - 5*s = 5987. Suppose -y + b = -452 - 294, 3*b = 2*y - a. Is y a prime number?
False
Suppose -106*t - 120226 = -108*t + 4*p, 4*t - 240434 = 5*p. Is t prime?
True
Let f be -18*((-8)/(-6))/(-4). Suppose -8*y + 16778 = -f*y. Is y composite?
False
Let d = 36 - -7. Let u be (-4)/26 - 54520/(-1508). Suppose 16933 = -u*m + d*m. Is m composite?
True
Is (3/(-7))/(4/(-28)) + 106266 a composite number?
True
Suppose 0 = -2*k - 10, -10282 = -5*s + 3*k - 1032. Let f = s - 592. Is f prime?
False
Suppose -50*j + 47*j = 0. Suppose 3*l = -3*c - 3404 + 11516, j = c + 4*l - 2713. Is c prime?
False
Suppose -5*r - 34*r - 312 = 0. Let c(g) = -176*g + 20*g + 28 - 9. Is c(r) a prime number?
False
Suppose 4*m = -2*f + 28, 5*m - 57 = 2*f - 4. Suppose -m*v - 19*v = -1054676. Is v a composite number?
True
Let t(c) = -719*c + 17*c**2 + 398*c + 53 + 352*c. Is t(-21) a composite number?
False
Suppose -3*a + 262714 = 2*u - 8*a, 2*u = -4*a + 262714. Is u composite?
False
Is (((-10)/(-60))/(1/237))/((-2)/(-764)) prime?
False
Suppose 115*p - 6695998 = 22*p - 53*p. Is p a composite number?
False
Suppose 3*o = -4*v + 13384, -v + 13*o + 3347 = 14*o. Is v a composite number?
False
Let z(d) = 3543*d + 358. Suppose 812 = -w + 829. Is z(w) a composite number?
False
Let o(u) be the third derivative of -13*u**6/120 - 3*u**5/10 + u**4/24 - 5*u**3/6 + 223*u**2. Is o(-11) composite?
True
Let b = -136312 + 256353. Is b a prime number?
True
Let r(h) = 1031*h**2 - 1109*h - 19. Is r(7) prime?
True
Let d(v) = -45*v**3 + 3*v**2. Let y be d(5). Let p = -289 - y. Is p composite?
False
Suppose 0 = 9*i - 1043332 - 411905. Is i prime?
False
Let y(u) be the second derivative of 0 + 0*u**3 - 9*u + 1/2*u**2 + 1/2*u**4. Is y(16) prime?
False
Let s(o) be the third derivative of -23*o**6/120 + o**5/30 + o**4/3 - o**3/2 - 68*o**2. Is s(-4) a composite number?
True
Let n(b) = 400*b**2 - 8*b + 9. Is n(10) a composite number?
False
Is -1 - (-65)/(1495/10737642) composite?
False
Let j = 2 + 2. Let o be (-17934)/(-245) + (-2 - (-9)/5). Suppose -x - 4*b = -o, -2*b = j*x - 130 - 92. Is x a prime number?
True
Is (-275)/55*(-2)/(-10)*-41479 a composite number?
False
Suppose -4*w - 5527 = -1447. Let q = 1556 + w. Suppose -12 = 4*c, -6*f + q = -2*f - 4*c. Is f a prime number?
True
Suppose -8*v + 64893 = g - 3*v, g - 4*v = 64893. Suppose 188781 - g = 48*i. Is i a prime number?
False
Suppose 0 = 3*t - 0*t - 6. Suppose t*i - 8781 = -i. Is i composite?
False
Suppose -a - 5*p = -504668, -2*a = 3*p - 574559 - 434784. Is a composite?
True
Let i(l) = 500*l - 909. Is i(13) a prime number?
True
Is 20 - 2*(-4260624)/32 a prime number?
False
Suppose 14 - 12 = l. Let a(h) = 6*h + 2*h + 4 + 52*h**l + h - 10*h. Is a(3) a composite number?
True
Let p(s) = 4*s**3 - 5*s**2 - 3*s**3 - 7*s**2 + 16*s. Let d(f) = f**2 - 34*f + 251. Let h be d(24). Is p(h) a prime number?
False
Suppose b - 2*j - 6861 = 8738, 3*j = -b + 15629. Is b a prime number?
False
Let m be (-19092)/(-215)*-1*1*35. Is 18/(-3) - -7 - m a composite number?
False
Let u(d) = -d**2 - 6*d - 8. Let n be u(-3). Is n + (1 + 107)*(-119)/(-34) composite?
False
Suppose -116*c = -121*c + v + 29491, -4*c - 5*v + 23616 = 0. Is c prime?
False
Let m(s) = 12663*s + 115. Is m(8) a prime number?
True
Let w = 11830 - -18371. Is w composite?
True
Suppose 3*w - 5*y + 16 = 0, -y + 4*y - 30 = -5*w. Let o(b) = 389*b - 52. Is o(w) a prime number?
False
Let a be 803 + (5 - 3 - 6). Let y(n) = n - 2. Let x be y(5). Suppose 226 - a = -x*i. Is i composite?
False
Let s(v) = 2*v + 27. Let c be s(-12). Let y(a) = -2*a**c - 1 - 4*a**2 - 5 + a**3 + 5*a - 3. Is y(-7) composite?
False
Let z = -38 + 40. Let v(f) = f + 2. Let g be v(z). Suppose g*b = -0*a + 4*a - 4784, 0 = b - 2. Is a composite?
True
Let q(k) = 69*k + 5*k**2 - 10*k**3 + 7 + 0*k**2 - 70*k + 0*k**2. Let x(w) = w**3 + 5*w**2 - 12*w + 10. Let y be x(-7). Is q(y) a prime number?
False
Suppose -110 = -2*l - 0*l + 2*v, 4*v = l - 55. Suppose 420 = l*f - 3265. Is f a prime number?
True
Let s = -30 - -32. Suppose s*v - 1 = -9. Is 0 + (-2)/v - 70955/(-46) a prime number?
True
Suppose 0 = j + 61*n - 56*n - 404, -2*j + 3*n = -847. Is j composite?
False
Let q(y) = 487*y**2 - 5203*y + 27. Is q(22) prime?
False
Let c = 78972 + -49925. Is c prime?
False
Let w(b) = -b**3 + 5*b**2 - 4*b + 5. Let c be w(4). Suppose -4*q + c*g + 15626 = 5797, g - 2464 = -q. Is q prime?
False
Suppose -5*g + 43591 - 10106 = 0. Is g a composite number?
True
Let z(l) be the third derivative of -1075*l**4/24 - 5*l**3/6 + 2*l**2. Is z(-4) prime?
False
Let x = -86 + 87. Is 6824/20*(9/6 + x) prime?
True
Let a(o) = 9*o - 44. Let c be a(6). Let f = c + 7. Suppose f*x = 15*x + 986. Is x a prime number?
False
Is (((-68)/34)/(1 + -2))/((-8)/(-57020)) a composite number?
True
Suppose -2*g - 3061 - 3245 = r, 0 = -5*g + 4*r - 15791. Let m = 7522 + g. Is m a prime number?
False
Suppose 5*i = 6756957 - 2455027. Is i a prime number?
